6280323 a multiple of 1393?
True
Is 656643472 a multiple of 2344?
True
Does 9 divide 18865368?
True
Does 19 divide 33418891?
True
Is 21 a factor of 240728838?
True
Is 104655534 a multiple of 57?
True
Is 14988732 a multiple of 33?
True
Does 51 divide 2223988008?
True
Is 108065391 a multiple of 310?
False
Is 743189082 a multiple of 38?
False
Does 1138 divide 49149082?
True
Is 247648716 a multiple of 28?
True
Is 52490829 a multiple of 2389?
False
Is 524 a factor of 24168433?
False
Is 113 a factor of 49602863?
False
Is 862038485 a multiple of 35?
True
Is 347606639 a multiple of 128?
False
Does 721 divide 1595586049?
False
Is 231209999 a multiple of 149?
False
Is 183401456 a multiple of 434?
True
Is 2232344 a multiple of 22?
False
Is 11 a factor of 1650711037?
False
Is 4096 a factor of 240062464?
True
Is 656 a factor of 305274192?
True
Is 55675707 a multiple of 1041?
False
Is 13 a factor of 129992759?
True
Is 3 a factor of 131411?
False
Does 23 divide 50151063?
True
Does 2821 divide 244578454?
False
Does 7339 divide 1192675568?
True
Is 170 a factor of 1464181739?
False
Is 21 a factor of 4886550368?
False
Does 15 divide 128837592?
False
Does 13 divide 77149410?
True
Is 21 a factor of 419449170?
True
Is 3884487 even?
False
Is 315515 a multiple of 5?
True
Does 56 divide 53771229?
False
Is 216 a factor of 119232?
True
Does 209 divide 7115241?
False
Does 2253 divide 52287104?
False
Does 2060 divide 149012160?
True
Is 22998162 a multiple of 6?
True
Is 2660198037 a multiple of 7341?
False
Is 8198020 a multiple of 10?
True
Does 3 divide 2228322?
True
Is 139019489 a multiple of 17?
True
Does 10 divide 71845370?
True
Is 306 a factor of 8981042?
False
Does 20 divide 17710300?
True
Is 1074165026 a multiple of 946?
True
Does 15 divide 332494605?
True
Is 754559 a multiple of 7?
False
Is 29 a factor of 845374592?
True
Does 36 divide 25599636?
True
Is 95546440 a multiple of 20?
True
Is 1814779927 a multiple of 25?
False
Does 3090 divide 702199948?
False
Is 1502 a factor of 267440112?
True
Does 89 divide 1741552?
True
Is 20708346 a multiple of 34?
True
Is 47 a factor of 147560730?
True
Does 62 divide 13385490?
True
Is 72810150 a multiple of 255?
True
Is 5 a factor of 275570588?
False
Does 6 divide 28642082?
False
Is 234833840 a multiple of 10?
True
Is 96 a factor of 41702294?
False
Is 89958807 a multiple of 25?
False
Is 250900537 a multiple of 39?
False
Does 2 divide 400088359?
False
Does 10 divide 22404317?
False
Is 137673598 a multiple of 39?
False
Is 274134714 a multiple of 147?
True
Is 10 a factor of 750541916?
False
Is 35 a factor of 65463811?
False
Is 307784499 a multiple of 3597?
True
Does 5 divide 355178515?
True
Is 11 a factor of 94305440?
False
Does 49 divide 35307378?
False
Does 30 divide 13149231?
False
Is 1201 a factor of 278097555?
True
Is 2108 a factor of 76259368?
False
Is 10 a factor of 52660390?
True
Is 340353941 a multiple of 229?
False
Is 322 a factor of 53469710?
True
Is 340 a factor of 63570096?
False
Is 223 a factor of 59208616?
False
Does 2715 divide 60261825?
False
Does 10 divide 146304928?
False
Is 2107738303 a multiple of 189?
False
Is 57793410 a multiple of 52?
False
Is 3 a factor of 30888011?
False
Does 344 divide 402999784?
True
Is 51872673 a multiple of 126?
False
Is 96 a factor of 5634741984?
True
Does 37 divide 294550099?
False
Does 4 divide 87002304?
True
Does 695 divide 110906015?
True
Is 1627991085 a multiple of 15?
True
Is 17 a factor of 181421033?
False
Does 7 divide 1680867874?
True
Is 118555812 a multiple of 3433?
False
Is 48781824 a multiple of 624?
True
Does 867 divide 842204186?
False
Is 1771030006 a multiple of 4073?
True
Is 16 a factor of 320080016?
True
Is 27 a factor of 1917380923?
False
Does 315 divide 296352825?
False
Is 3010419570 a multiple of 549?
False
Is 19 a factor of 213357161?
False
Is 174619743 a multiple of 6?
False
Is 16 a factor of 3985720?
False
Is 4899833661 a multiple of 16?
False
Is 222898809 a multiple of 89?
True
Is 185 a factor of 1069705520?
True
Is 3 a factor of 50477640?
True
Is 2817109 a multiple of 1219?
True
Is 14 a factor of 11560290?
True
Does 14 divide 60885258?
True
Is 940019588 a multiple of 658?
False
Does 5 divide 110266490?
True
Is 79 a factor of 22814434?
False
Is 34074495 a multiple of 273?
True
Is 19 a factor of 747878532?
True
Is 173 a factor of 14228617?
False
Is 80840419 a multiple of 145?
False
Is 1771622918 a multiple of 20?
False
Is 629478500 a multiple of 875?
True
Is 1263665690 a multiple of 5369?
False
Is 38 a factor of 347535992?
True
Is 48580496 a multiple of 16?
True
Is 2124 a factor of 424203981?
False
Does 622 divide 26196152?
True
Is 18784773 a multiple of 3?
True
Does 774 divide 27792460?
False
Is 830039776 a multiple of 9?
False
Is 666313 a multiple of 9?
False
Does 149 divide 200861621?
False
Does 3061 divide 13976526?
True
Is 859063066 a multiple of 67?
False
Is 159 a factor of 501853089?
False
Does 29 divide 245445676?
True
Is 147978183 a multiple of 504?
False
Does 8 divide 8871976?
True
Is 5657220 a multiple of 265?
True
Is 1246391270 a multiple of 189?
False
Is 9 a factor of 95707758?
False
Does 1615 divide 20116440?
True
Is 2848 a factor of 62903492?
False
Is 68771833 a multiple of 379?
False
Is 2529 a factor of 2260299712?
False
Does 627 divide 1543751748?
True
Does 8 divide 262128400?
True
Does 110 divide 82614620?
True
Is 121330808 a multiple of 82?
True
Does 323 divide 162368812?
False
Does 103 divide 5000444?
True
Is 12 a factor of 12351384?
True
Is 133 a factor of 23830009?
True
Is 11885346 a multiple of 33?
True
Is 23 a factor of 673652374?
False
Is 182 a factor of 40792490?
False
Is 22366929 a multiple of 9?
False
Is 965 a factor of 11327125?
False
Does 593 divide 159267347?
True
Does 252 divide 853262?
False
Is 8098453 a multiple of 486?
False
Is 742 a factor of 32163474?
True
Is 26643779 a multiple of 18?
False
Is 5404460 a multiple of 10?
True
Is 667 a factor of 116352145?
False
Is 98119642 a multiple of 2173?
True
Does 18 divide 143673627?
False
Is 35 a factor of 2248391?
False
Is 112139100 a multiple of 50?
True
Is 115 a factor of 444011550?
True
Is 2238835753 a multiple of 77?
True
Is 27074875 a multiple of 142?
False
Is 20 a factor of 85650220?
True
Is 230378281 a multiple of 10?
False
Is 35577443 a multiple of 209?
True
Does 335 divide 187933316?
False
Is 758 a factor of 75556936?
False
Is 47 a factor of 253879759?
True
Is 8 a factor of 2271024520?
True
Is 1844 a factor of 605486205?
False
Does 3 divide 689253051?
True
Is 201660192 a multiple of 108?
True
Is 80301282 a multiple of 536?
False
Does 19 divide 1071224?
False
Is 1172109737 a multiple of 6?
False
Does 2179 divide 2690008185?
True
Is 255 a factor of 112006200?
True
Does 8 divide 2274039568?
True
Is 25081240 a multiple of 4132?
True
Is 18802800 a multiple of 225?
True
Is 471 a factor of 26047941?
False
Is 14103892 a multiple of 55?
False
Is 186 a factor of 863218188?
True
Does 166 divide 4870351522?
True
Does 1339 divide 145615500?
False
Is 9558549 a multiple of 29?
False
Is 250402070 a multiple of 2045?
True
Is 1708050030 a multiple of 1030?
True
Does 3 divide 677418?
True
Does 1883 divide 2402623265?
True
Does 208 divide 77052387?
False
Is 1474956379 a multiple of 858?
False
Does 88 divide 12993024?
True
Is 208 a factor of 688667641?
False
Is 7 a factor of 35043286?
False
Is 543 a factor of 7629693?
True
Is 65964924 a multiple of 8?
False
Is 27341200 a multiple of 2320?
True
Is 448721479 a multiple of 2105?
False
Is 104252505 a multiple of 756?
False
Does 49 divide 671026573?
False
Is 13 a factor of 2149823117?
True
Is 31680991 a multiple of 777?
False
Does 58 divide 726812015?
False
Is 2936113855 a multiple of 485?
True
Is 3733171919 a multiple of 10?
False
Does 16 divide 2436952?
False
Does 199 divide 1051122159?
False
Is 11 a factor of 4966291?
True
Is 606297400 a multiple of 3550?
True
Is 3040579346 a multiple of 2770?
False
Is 6310647 a multiple of 81?
False
Is 847 a factor of 81319382?
False
Is 18333216 a multiple of 1296?
True
Does 6 divide 881562?
True
Is 115420846 a multiple of 673?
True
Is 21 a factor of 68288420?
False
Is 339643227 a multiple of 5463?
False
Is 53312925 a multiple of 231?
False
Does 60 divide 16026354?
False
Is 9722386 a multiple of 8?
False
Does 155